 1138268230?
False
Is 18282176 a multiple of 307?
False
Is 126523178 a multiple of 12?
False
Is 11 a factor of 33974434?
False
Is 29619788 a multiple of 1276?
True
Is 308 a factor of 13449307?
False
Is 2633 a factor of 531733901?
False
Is 23890679 a multiple of 2223?
False
Is 21415230 a multiple of 45?
True
Is 64 a factor of 543682368?
True
Is 1878238 a multiple of 1007?
False
Is 99 a factor of 55715220?
True
Does 5 divide 1323793440?
True
Is 770628384 a multiple of 808?
True
Is 7 a factor of 10286855?
False
Is 15 a factor of 24460222?
False
Does 561 divide 912961649?
False
Does 187 divide 1893936?
True
Does 35 divide 134808685?
False
Is 137 a factor of 38299532?
False
Does 123 divide 833504956?
False
Does 11 divide 115435498?
False
Is 126 a factor of 12935790?
True
Is 20 a factor of 46762608?
False
Does 289 divide 56196641?
False
Does 7 divide 625042006?
False
Is 24 a factor of 265323552?
True
Is 2389 a factor of 913128358?
True
Is 1703036973 a multiple of 43?
True
Does 68 divide 258758768?
True
Is 225558911 a multiple of 1288?
False
Is 481007358 a multiple of 18?
True
Is 377527333 a multiple of 246?
False
Does 281 divide 1591611538?
True
Does 243 divide 497926279?
False
Is 1838 a factor of 811188434?
True
Is 73555823 a multiple of 9?
False
Does 4 divide 2853568?
True
Is 244853756 a multiple of 7?
True
Is 36375150 a multiple of 1050?
True
Is 16987323 a multiple of 13?
False
Is 2385612 a multiple of 111?
True
Is 17274836 a multiple of 18?
False
Is 184 a factor of 5321630?
False
Is 2205883955 a multiple of 162?
False
Is 119 a factor of 91264194?
True
Is 685246386 a multiple of 11?
True
Does 1168 divide 25750922?
False
Does 2 divide 2843345?
False
Is 238937638 a multiple of 362?
False
Does 228 divide 1515064504?
False
Is 496 a factor of 6476189?
False
Is 223013903 a multiple of 23?
False
Is 9 a factor of 271544319?
True
Is 1151 a factor of 110307236?
True
Is 1933 a factor of 26105945?
False
Is 701883 a multiple of 63?
True
Is 3184 a factor of 86073072?
True
Does 51 divide 224949473?
False
Is 1518 a factor of 2211845922?
True
Does 1573 divide 25409016?
False
Does 4 divide 233462332?
True
Is 981 a factor of 105627213?
True
Is 5723 a factor of 28987371?
False
Does 28 divide 27734773?
False
Is 39358475 a multiple of 325?
True
Is 43723575 a multiple of 1449?
True
Is 351 a factor of 6024252?
False
Does 742 divide 178675084?
True
Is 128162791 a multiple of 245?
False
Does 387 divide 41005017?
False
Is 852015385 a multiple of 95?
True
Is 454 a factor of 7071453?
False
Is 1846 a factor of 111908212?
True
Is 87773994 a multiple of 1162?
True
Is 2215 a factor of 667151451?
False
Is 394604760 a multiple of 176?
False
Is 1541 a factor of 101653669?
False
Is 25933793 a multiple of 17?
False
Is 109 a factor of 3806498?
True
Is 71 a factor of 582034783?
True
Is 56297831 a multiple of 92?
False
Is 767 a factor of 38338495?
True
Is 44911128 a multiple of 183?
True
Does 354 divide 208253952?
True
Does 72 divide 24134256?
True
Does 106 divide 1410753312?
False
Does 47 divide 656384939?
True
Is 190467008 a multiple of 69?
False
Does 5776 divide 2106801776?
True
Is 4125263 a multiple of 31?
True
Is 8709946 a multiple of 3?
False
Is 486849850 a multiple of 165?
False
Is 68184421 a multiple of 22?
False
Is 27480862 a multiple of 7?
False
Is 41 a factor of 9224180?
True
Does 66 divide 133907202?
True
Is 96 a factor of 90365184?
True
Is 11 a factor of 23555918?
False
Is 5723 a factor of 5487846768?
False
Is 251311050 a multiple of 30?
True
Is 507 a factor of 1140548214?
True
Is 87768932 a multiple of 443?
True
Does 1362 divide 178404502?
False
Is 1310 a factor of 42544321?
False
Is 2401665847 a multiple of 1450?
False
Is 18 a factor of 532068948?
True
Does 1051 divide 21252271?
True
Does 1024 divide 162729984?
True
Is 57 a factor of 110668668?
False
Is 1330262578 a multiple of 5351?
False
Does 680 divide 6289106?
False
Is 10407559 a multiple of 954?
False
Is 20999851 a multiple of 14?
False
Is 260344632 a multiple of 1348?
True
Is 239888744 a multiple of 1547?
False
Is 29915735 a multiple of 72?
False
Is 252 a factor of 1313475303?
False
Is 1343 a factor of 57468313?
True
Is 616250941 a multiple of 1489?
True
Is 1567 a factor of 2151491?
True
Is 1319 a factor of 156765304?
False
Is 15887136 a multiple of 141?
False
Does 62 divide 1782721228?
False
Is 58 a factor of 1428584428?
True
Is 5 a factor of 27208600?
True
Is 6566628 a multiple of 83?
True
Is 119481610 a multiple of 901?
True
Does 25 divide 1791052?
False
Does 1535 divide 11273040?
True
Does 132 divide 43888070?
False
Is 1806 a factor of 5409203129?
False
Is 6592512 a multiple of 768?
True
Is 120971856 a multiple of 10?
False
Is 1317 a factor of 4041873?
True
Is 17 a factor of 300294885?
True
Is 58897282 a multiple of 2029?
False
Does 2765 divide 134157249?
False
Does 35 divide 58685830?
True
Is 8369 a factor of 1043689621?
True
Does 57 divide 124014444?
True
Is 226837660 a multiple of 140?
True
Is 3790768335 a multiple of 5268?
False
Is 184 a factor of 373084472?
True
Is 12 a factor of 102761272?
False
Does 20 divide 56105860?
True
Does 27 divide 3365112?
False
Is 745 a factor of 905019295?
True
Does 11 divide 33504031?
True
Is 347187086 a multiple of 25?
False
Does 143 divide 417908829?
False
Is 1464230811 a multiple of 33?
False
Is 345751494 a multiple of 1023?
True
Is 11677753 a multiple of 1204?
False
Is 12854600 a multiple of 220?
True
Does 16 divide 8400853?
False
Is 9 a factor of 19873365?
False
Is 7609762 a multiple of 3824?
False
Is 892519660 a multiple of 58?
True
Is 404 a factor of 245945287?
False
Is 2089236359 a multiple of 84?
False
Is 567 a factor of 169469470?
False
Does 62 divide 13111495?
False
Is 3 a factor of 49016562?
True
Is 62172155 a multiple of 5?
True
Is 53629212 a multiple of 28?
True
Does 41 divide 199192299?
False
Is 70835687 a multiple of 4747?
False
Is 106 a factor of 31262171?
False
Does 55 divide 4863094142?
False
Is 14326161 a multiple of 23?
False
Is 224 a factor of 1152225573?
False
Does 1867 divide 19276004?
False
Is 37511640 a multiple of 270?
True
Does 574 divide 11617608?
False
Is 51 a factor of 2463283?
False
Does 208 divide 68914144?
True
Does 19 divide 35019394?
True
Does 15 divide 1133977125?
True
Is 25 a factor of 1692593825?
True
Is 154144935 a multiple of 63?
True
Is 24355762 a multiple of 242?
False
Does 230 divide 4093540?
True
Does 838 divide 100711816?
False
Does 79 divide 402590004?
True
Is 4878 a factor of 1837147482?
True
Does 3262 divide 72190418?
False
Is 133 a factor of 138582808?
True
Does 602 divide 1150438024?
False
Is 27 a factor of 997748604?
True
Does 54 divide 81506861?
False
Does 311 divide 10737897?
True
Does 927 divide 988561337?
False
Is 152619591 a multiple of 20?
False
Is 845372364 a multiple of 838?
False
Is 136 a factor of 6941576?
True
Is 139354208 a multiple of 735?
False
Is 6 a factor of 138394669?
False
Does 6 divide 2757048?
True
Is 2148910032 a multiple of 15216?
True
Is 9 a factor of 57913038?
True
Is 110 a factor of 506436055?
False
Does 1274 divide 83792591?
False
Is 37 a factor of 133815924?
False
Is 6 a factor of 1097743503?
False
Is 92315018 a multiple of 1430?
False
Is 376 a factor of 25076511?
False
Is 2403611808 a multiple of 24?
True
Is 28448614 a multiple of 191?
False
Is 1603 a factor of 39481890?
True
Does 3911 divide 599142871?
False
Does 59 divide 87161247?
False
Is 23271612 a multiple of 6?
True
Is 645 a factor of 37359045?
True
Is 28 a factor of 654755201?
False
Is 2946 a factor of 34129301?
False
Does 32 divide 243084328?
False
Is 109 a factor of 46296333?
True
Is 11615 a factor of 49783640?
False
Does 465 divide 23836830?
True
Does 388 divide 167976064?
True
Does 17 divide 202597189?
False
Is 35139169 a multiple of 1291?
False
Does 177 divide 164502915?
True
Is 509 a factor of 1483083989?
True
Does 552 divide 1016399658?
False
Is 560767632 a multiple of 48?
True
Does 266 divide 3781428070?
True
Does 23 divide 79386524?
True
Is 1256 a factor of 333382592?
True
Does 196 divide 107053834?
False
Is 36 a factor of 23021746?
False
Does 166 divide 228612301?
False
Is 122 a factor of 34937140?
True
Is 160 a factor of 4071730516?
False
Is 549 a factor of 32250076?
False
Is 1180 a factor of 71950657?
False
Is 140896451 a m